+ -1b?
-18
In base 2, what is 10010110011 - 0?
10010110011
In base 15, what is 4 + -13?
-e
In base 8, what is 5 - 165?
-160
In base 5, what is -143 - 31?
-224
In base 8, what is -220 + 22?
-176
In base 15, what is 1 + 8e?
90
In base 10, what is 42 - -27?
69
In base 5, what is -23 + -11?
-34
In base 14, what is -5d82 + 3?
-5d7d
In base 2, what is -110111 - -10?
-110101
In base 3, what is -10011212 - -10?
-10011202
In base 14, what is 14 - 3?
11
In base 8, what is 11 + -10?
1
In base 4, what is -1 + 1310?
1303
In base 7, what is -2 - -13?
11
In base 14, what is -d - 33?
-42
In base 4, what is 2211 - 0?
2211
In base 15, what is b6 - -58?
11e
In base 12, what is a5a - 0?
a5a
In base 11, what is -5 - -22?
18
In base 2, what is 110 + 10011011?
10100001
In base 11, what is -14 + 14?
0
In base 10, what is 1957 - -1?
1958
In base 11, what is -4 + 28?
24
In base 11, what is -6 - 1?
-7
In base 16, what is -48 - 14?
-5c
In base 11, what is -5 + 23?
19
In base 14, what is -2 - -2b28?
2b26
In base 7, what is -6 - -123?
114
In base 12, what is 0 - 56?
-56
In base 2, what is -11 + 1100010?
1011111
In base 6, what is 5 + -1223?
-1214
In base 4, what is 1 + -303?
-302
In base 15, what is -3 - -44?
41
In base 16, what is -b7 + -8?
-bf
In base 12, what is 17 + 2a9?
304
In base 8, what is 22 - -10?
32
In base 2, what is -101000 + -1?
-101001
In base 13, what is cac - -6?
cb5
In base 3, what is -10110 + 101?
-10002
In base 2, what is -11 - -110001?
101110
In base 2, what is 1111110011110 + -101?
1111110011001
In base 14, what is 630 + 4?
634
In base 13, what is -25c5 + 1?
-25c4
In base 6, what is 1002 - 5?
553
In base 2, what is -10 + -10111101?
-10111111
In base 14, what is 59 + -1?
58
In base 4, what is -2 + 13131?
13123
In base 16, what is -1d + -54?
-71
In base 5, what is -140404 + -4?
-140413
In base 15, what is 1 - 332?
-331
In base 9, what is 3740 + -1?
3738
In base 10, what is 3 + -472?
-469
In base 9, what is 18 + 7?
26
In base 13, what is 3 - -2a8?
2ab
In base 5, what is 102 + 131?
233
In base 4, what is -102 - -2312?
2210
In base 13, what is 2b6 - 1?
2b5
In base 11, what is 182 - 7?
176
In base 15, what is 4 - -81?
85
In base 5, what is 140 - -1?
141
In base 2, what is -10 - 10111101100?
-10111101110
In base 15, what is 1 + -3d?
-3c
In base 15, what is 90 - 5?
8a
In base 15, what is -347 + -4?
-34b
In base 2, what is 1100110101000 - 11?
1100110100101
In base 11, what is 7 + 11?
18
In base 11, what is 4 + 15a?
163
In base 7, what is -1 + -11621?
-11622
In base 4, what is 10 - 233?
-223
In base 4, what is 1 + 12021?
12022
In base 10, what is -47 - -72?
25
In base 13, what is -4 - -1603?
15cc
In base 8, what is -4462 + -4?
-4466
In base 5, what is -10 - 122?
-132
In base 7, what is 5 + -500?
-462
In base 12, what is -72b - 5?
-734
In base 3, what is 2 + -210?
-201
In base 12, what is -4 + -201?
-205
In base 10, what is -35 + 769?
734
In base 3, what is -1002 - 2?
-1011
In base 14, what is 4 - -98a?
990
In base 5, what is 40 - 141?
-101
In base 15, what is 29 + -10?
19
In base 11, what is 187 - 16?
171
In base 14, what is 0 + -211?
-211
In base 4, what is 112 - 13?
33
In base 2, what is 10 + -100101100?
-100101010
In base 12, what is 2 + 174?
176
In base 10, what is -4 - 80?
-84
In base 12, what is -17 - -6a?
53
In base 3, what is -10 + -110102?
-110112
In base 14, what is 4 - -926?
92a
In base 12, what is 5 - -1a04?
1a09
In base 2, what is 100 + 10011110?
10100010
In base 13, what is -1b9 - 3?
-1bc
In base 14, what is -269a + 2?
-2698
In base 9, what is -2816 + 2?
-2814
In base 13, what is -a69a + -4?
-a6a1
In base 14, what is -3 - 1ca?
-1cd
In base 14, what is b84 + -3?
b81
In base 5, what is -4 + -1004?
-1013
In base 14, what is 14 - -53?
67
In base 13, what is -2 + 25?
23
In base 14, what is 1cd + -4?
1c9
In base 5, what is -414 - -12?
-402
In base 16, what is -49 + -1?
-4a
In base 15, what is 701 + 5?
706
In base 16, what is -7 - 2d7?
-2de
In base 6, what is 5 - 345?
-340
In base 14, what is -234 + -a?
-240
In base 6, what is 2 - -113?
115
In base 13, what is 3ca - 1?
3c9
In base 5, what is -332 - 3?
-340
In base 2, what is 1000010 - -101111?
1110001
In base 16, what is a1 - 2?
9f
In base 4, what is 21 + -3?
12
In base 16, what is 5 + -3a?
-35
In base 2, what is -101 + -11001?
-11110
In base 4, what is -11 + -112321?
-112332
In base 2, what is -10000 - 10001?
-100001
In base 9, what is 1783 + 0?
1783
In base 6, what is -44 - -13?
-31
In base 9, what is 2 + 430?
432
In base 7, what is -4 - 40?
-44
In base 13, what is -22 + -126?
-148
In base 5, what is 412 + 2?
414
In base 12, what is 324 + -3?
321
In base 3, what is -10 - 2021?
-2101
In base 15, what is -2 + -d?
-10
In base 16, what is 8b - 21?
6a
In base 16, what is b + -10b?
-100
In base 16, what is 5 + -28?
-23
In base 5, what is -4 + 11014?
11010
In base 4, what is 0 + 12130?
12130
In base 3, what is 12 - -10101?
10120
In base 13, what is -47a5 + 2?
-47a3
In base 10, what is -9 + 173?
164
In base 7, what is 2134 + -2?
2132
In base 13, what is -1ac1 + 2?
-1abc
In base 7, what is 32212 + 3?
32215
In base 5, what is 11 - 123?
-112
In base 3, what is 0 - 20111?
-20111
In base 3, what is 1 + -12220?
-12212
In base 3, what is -1101 + 1?
-1100
In base 8, what is 7 + 2?
11
In base 3, what is -10 + 10220122?
10220112
In base 4, what is -2120 - -2?
-2112
In base 16, what is 74c - -3?
74f
In base 7, what is 2 - 534?
-532
In base 2, what is -101000 + -1000001?
-1101001
In base 4, what is -10 - 3130?
-3200
In base 14, what is -14 - 2?
-16
In base 3, what is -2112001 - 0?
-2112001
In base 14, what is 607 + 9?
612
In base 4, what is 23 - -202?
231
In base 16, what is -2 - e0?
-e2
In base 2, what is -10000110110 - 100?
-10000111010
In base 11, what is -2 + 22?
20
In base 11, what is 1488 + 4?
1491
In base 11, what is -6656 - 1?
-6657
In base 10, what is -1 + -3850?
-3851
In base 10, what is 4 - -504?
508
In base 4, what is -1033 - 113?
-1212
In base 2, what is 11111 - -101?
100100
In base 5, what is 211 + 333?
1044
In base 16, what is -2 + 566?
564
In base 2, what is 11 + 101?
1000
In base 3, what is 0 + -2011?
-2011
In base 2, what is -111110 + -100011101?
-101011011
In base 12, what is 8 - -206?
212
In base 12, what is -3 + -28?
-2b
In base 9, what is 11 + 54?
65
In base 3, what is 0 + -1100?
-1100
In base 15, what is 1b2 + -2e?
183
In base 16, what is 10c - 1?
10b
In base 3, what is 2 + 101100?
101102
In base 8, what is -12677 - 3?
-12702
In base 6, what is 10234 - -1?
10235
In base 2, what is 101 + 100000?
100101
In base 13, what is -21 + 10?
-11
In base 16, what is 413 - -1?
414
In base 7, what is -1 + -165?
-166
In base 8, what is -327 + -5?
-334
In base 13, what is -16 - 0?
-16
In base 2, what is 1000 - 10000110?
-1111110
In base 7, what is -341 + 2?
-336
In base 12, what is 0 - 214?
-214
In base 2, what is -1110 + 1101110000?
1101100010
In base 13, what is a1 + 3?
a4
In base 16, what is -2 + -18?
-1a
In base 2, what is 100011 - 110?
11101
In base 5, what is 220 + 34?
304
In base 13, what is -175 + 1?
-174
In base 7, what is -2 - 113?
-115
In base 3, what is -2 - 1001000?
-1001002
In base 10, what is 38 - 0?
38
In base 12, what is -115a + 0?
-115a
In base 6, what is 51 + -10?
41
In base 7, what is -651 - 3?
-654
In base 4, what is -12 - -202?
130
In base 12, what is -581 - -4?
-579
In base 4, what is -2231 + 0?
-2231
In base 14, what is 3cd - -1?
3d0
In base 4, what is 312323 - 3?
312320
In base 12, what is 299 - 6?
293
In base 2, what is 1001010 + -100101?
100101
In base 11, what is -48 - 48?
-95
In base 3, what is -1012 - -211?
-101
In base 16, what is -a + 3b?
31
In base 11, what is 30276 + -1?
30275
In base 12, what is -57 - -7?
-50
In base 9, what is -158 - 3?
-162
In base 13, what is -1 - 62?
-63
In base 4, what is 2 + 3313?
3321
In base 9, what is 154 + 0?
154
In base 10, what is -3136 + -5?
-3141
In base 2, what is -10 - 110100?
-110110
In base 6, what is -100 - -21?
-35
In base 5, what is -1 - 10?
-11
In base 12, what is 65 - -5?
6a
In base 15, what is 1 - -8d6?
8d7
In base 7, what is -4 - -21?
14
In base 12, what is -144 - -1?
-143
In base 15, what is 67 - 54?
13
In base 8, what is -3 + -34?
-37
In base 11, what is 66 + -3?
63
In base 11, what is 342 + 6?
348
In base 7, what is -323 - -3?
-320